{"id":3923,"date":"2024-02-21T11:42:23","date_gmt":"2024-02-21T10:42:23","guid":{"rendered":"https:\/\/meca05.fr\/edu\/?page_id=3923"},"modified":"2024-02-21T11:42:23","modified_gmt":"2024-02-21T10:42:23","slug":"energetique-d","status":"publish","type":"page","link":"https:\/\/meca05.fr\/edu\/quizz\/tle-bac-pro\/energetique\/energetique-d\/","title":{"rendered":"\u00c9nerg\u00e9tique D"},"content":{"rendered":"","protected":false},"excerpt":{"rendered":"","protected":false},"author":6,"featured_media":0,"parent":389,"menu_order":3,"comment_status":"closed","ping_status":"closed","template":"","meta":{"footnotes":""},"class_list":{"1":"page","2":"type-page","3":"status-publish","4":"hentry"},"yoast_head":"<!-- This site is optimized with the Yoast SEO plugin v27.1.1 - https:\/\/yoast.com\/product\/yoast-seo-wordpress\/ -->\n<title>\u00c9nerg\u00e9tique D - Construction M\u00e9canique<\/title>\n<meta name=\"robots\" content=\"index, follow, max-snippet:-1, max-image-preview:large, max-video-preview:-1\" \/>\n<link rel=\"canonical\" href=\"https:\/\/meca05.fr\/edu\/quizz\/tle-bac-pro\/energetique\/energetique-d\/\" \/>\n<meta property=\"og:locale\" content=\"fr_FR\" \/>\n<meta property=\"og:type\" content=\"article\" \/>\n<meta property=\"og:title\" content=\"\u00c9nerg\u00e9tique D - Construction M\u00e9canique\" \/>\n<meta property=\"og:url\" content=\"https:\/\/meca05.fr\/edu\/quizz\/tle-bac-pro\/energetique\/energetique-d\/\" \/>\n<meta property=\"og:site_name\" content=\"Construction M\u00e9canique\" \/>\n<script type=\"application\/ld+json\" class=\"yoast-schema-graph\">{\"@context\":\"https:\/\/schema.org\",\"@graph\":[{\"@type\":\"WebPage\",\"@id\":\"https:\/\/meca05.fr\/edu\/quizz\/tle-bac-pro\/energetique\/energetique-d\/\",\"url\":\"https:\/\/meca05.fr\/edu\/quizz\/tle-bac-pro\/energetique\/energetique-d\/\",\"name\":\"\u00c9nerg\u00e9tique D - Construction M\u00e9canique\",\"isPartOf\":{\"@id\":\"https:\/\/meca05.fr\/edu\/#website\"},\"datePublished\":\"2024-02-21T10:42:23+00:00\",\"breadcrumb\":{\"@id\":\"https:\/\/meca05.fr\/edu\/quizz\/tle-bac-pro\/energetique\/energetique-d\/#breadcrumb\"},\"inLanguage\":\"fr-FR\",\"potentialAction\":[{\"@type\":\"ReadAction\",\"target\":[\"https:\/\/meca05.fr\/edu\/quizz\/tle-bac-pro\/energetique\/energetique-d\/\"]}]},{\"@type\":\"BreadcrumbList\",\"@id\":\"https:\/\/meca05.fr\/edu\/quizz\/tle-bac-pro\/energetique\/energetique-d\/#breadcrumb\",\"itemListElement\":[{\"@type\":\"ListItem\",\"position\":1,\"name\":\"quiz\",\"item\":\"https:\/\/meca05.fr\/edu\/quizz\/\"},{\"@type\":\"ListItem\",\"position\":2,\"name\":\"Tle Bac Pro\",\"item\":\"https:\/\/meca05.fr\/edu\/quizz\/tle-bac-pro\/\"},{\"@type\":\"ListItem\",\"position\":3,\"name\":\"\u00e9nerg\u00e9tique\",\"item\":\"https:\/\/meca05.fr\/edu\/quizz\/tle-bac-pro\/energetique\/\"},{\"@type\":\"ListItem\",\"position\":4,\"name\":\"\u00c9nerg\u00e9tique D\"}]},{\"@type\":\"WebSite\",\"@id\":\"https:\/\/meca05.fr\/edu\/#website\",\"url\":\"https:\/\/meca05.fr\/edu\/\",\"name\":\"Construction M\u00e9canique\",\"description\":\"Cours, exercices, mod\u00e8les 3d et bien plus...\",\"potentialAction\":[{\"@type\":\"SearchAction\",\"target\":{\"@type\":\"EntryPoint\",\"urlTemplate\":\"https:\/\/meca05.fr\/edu\/?s={search_term_string}\"},\"query-input\":{\"@type\":\"PropertyValueSpecification\",\"valueRequired\":true,\"valueName\":\"search_term_string\"}}],\"inLanguage\":\"fr-FR\"}]}<\/script>\n<!-- \/ Yoast SEO plugin. -->","yoast_head_json":{"title":"\u00c9nerg\u00e9tique D - Construction M\u00e9canique","robots":{"index":"index","follow":"follow","max-snippet":"max-snippet:-1","max-image-preview":"max-image-preview:large","max-video-preview":"max-video-preview:-1"},"canonical":"https:\/\/meca05.fr\/edu\/quizz\/tle-bac-pro\/energetique\/energetique-d\/","og_locale":"fr_FR","og_type":"article","og_title":"\u00c9nerg\u00e9tique D - Construction M\u00e9canique","og_url":"https:\/\/meca05.fr\/edu\/quizz\/tle-bac-pro\/energetique\/energetique-d\/","og_site_name":"Construction M\u00e9canique","schema":{"@context":"https:\/\/schema.org","@graph":[{"@type":"WebPage","@id":"https:\/\/meca05.fr\/edu\/quizz\/tle-bac-pro\/energetique\/energetique-d\/","url":"https:\/\/meca05.fr\/edu\/quizz\/tle-bac-pro\/energetique\/energetique-d\/","name":"\u00c9nerg\u00e9tique D - Construction M\u00e9canique","isPartOf":{"@id":"https:\/\/meca05.fr\/edu\/#website"},"datePublished":"2024-02-21T10:42:23+00:00","breadcrumb":{"@id":"https:\/\/meca05.fr\/edu\/quizz\/tle-bac-pro\/energetique\/energetique-d\/#breadcrumb"},"inLanguage":"fr-FR","potentialAction":[{"@type":"ReadAction","target":["https:\/\/meca05.fr\/edu\/quizz\/tle-bac-pro\/energetique\/energetique-d\/"]}]},{"@type":"BreadcrumbList","@id":"https:\/\/meca05.fr\/edu\/quizz\/tle-bac-pro\/energetique\/energetique-d\/#breadcrumb","itemListElement":[{"@type":"ListItem","position":1,"name":"quiz","item":"https:\/\/meca05.fr\/edu\/quizz\/"},{"@type":"ListItem","position":2,"name":"Tle Bac Pro","item":"https:\/\/meca05.fr\/edu\/quizz\/tle-bac-pro\/"},{"@type":"ListItem","position":3,"name":"\u00e9nerg\u00e9tique","item":"https:\/\/meca05.fr\/edu\/quizz\/tle-bac-pro\/energetique\/"},{"@type":"ListItem","position":4,"name":"\u00c9nerg\u00e9tique D"}]},{"@type":"WebSite","@id":"https:\/\/meca05.fr\/edu\/#website","url":"https:\/\/meca05.fr\/edu\/","name":"Construction M\u00e9canique","description":"Cours, exercices, mod\u00e8les 3d et bien plus...","potentialAction":[{"@type":"SearchAction","target":{"@type":"EntryPoint","urlTemplate":"https:\/\/meca05.fr\/edu\/?s={search_term_string}"},"query-input":{"@type":"PropertyValueSpecification","valueRequired":true,"valueName":"search_term_string"}}],"inLanguage":"fr-FR"}]}},"_links":{"self":[{"href":"https:\/\/meca05.fr\/edu\/wp-json\/wp\/v2\/pages\/3923","targetHints":{"allow":["GET"]}}],"collection":[{"href":"https:\/\/meca05.fr\/edu\/wp-json\/wp\/v2\/pages"}],"about":[{"href":"https:\/\/meca05.fr\/edu\/wp-json\/wp\/v2\/types\/page"}],"author":[{"embeddable":true,"href":"https:\/\/meca05.fr\/edu\/wp-json\/wp\/v2\/users\/6"}],"replies":[{"embeddable":true,"href":"https:\/\/meca05.fr\/edu\/wp-json\/wp\/v2\/comments?post=3923"}],"version-history":[{"count":1,"href":"https:\/\/meca05.fr\/edu\/wp-json\/wp\/v2\/pages\/3923\/revisions"}],"predecessor-version":[{"id":3924,"href":"https:\/\/meca05.fr\/edu\/wp-json\/wp\/v2\/pages\/3923\/revisions\/3924"}],"up":[{"embeddable":true,"href":"https:\/\/meca05.fr\/edu\/wp-json\/wp\/v2\/pages\/389"}],"wp:attachment":[{"href":"https:\/\/meca05.fr\/edu\/wp-json\/wp\/v2\/media?parent=3923"}],"curies":[{"name":"wp","href":"https:\/\/api.w.org\/{rel}","templated":true}]}}