{"id":2684,"date":"2021-11-04T10:20:57","date_gmt":"2021-11-04T09:20:57","guid":{"rendered":"https:\/\/meca05.fr\/edu\/?page_id=2684"},"modified":"2022-12-26T20:36:07","modified_gmt":"2022-12-26T19:36:07","slug":"docs-et-forms","status":"publish","type":"page","link":"https:\/\/meca05.fr\/edu\/documentation\/docs-et-forms\/","title":{"rendered":"Documents et formulaires"},"content":{"rendered":"<p style=\"text-align: center;\"><strong>Documents :<\/strong><\/p>\n<p style=\"text-align: center;\"><a class=\"fasc-button fasc-size-medium fasc-type-popout fasc-rounded-medium fasc-ico-before dashicons-format-aside fasc-style-bold\" style=\"background-color: #0e96f0; color: #ffffff;\" href=\"https:\/\/meca05.fr\/edu\/documentation\/docs-et-forms\/documents\/\">Documents divers<\/a><\/p>\n<p>&nbsp;<\/p>\n<p style=\"text-align: center;\"><strong>Formulaires :<\/strong><\/p>\n<p style=\"text-align: center;\"><a class=\"fasc-button fasc-size-medium fasc-type-popout fasc-rounded-medium fasc-ico-before dashicons-camera fasc-style-bold\" style=\"background-color: #ffcf47; color: #000000;\" href=\"https:\/\/meca05.fr\/edu\/documentation\/formulaires-divers\/droit-a-limage-pour-personnes-majeures\/\">Droit \u00e0 l'image (personnes majeures)<\/a><\/p>\n<p style=\"text-align: center;\"><a class=\"fasc-button fasc-size-medium fasc-type-popout fasc-rounded-medium fasc-ico-before dashicons-camera fasc-style-bold\" style=\"background-color: #6ecb22; color: #000000;\" href=\"https:\/\/meca05.fr\/edu\/documentation\/formulaires-divers\/droit-a-limage-pour-personnes-mineures\/\">Droit \u00e0 l'image (personnes mineures)<\/a><\/p>\n<p style=\"text-align: center;\"><a class=\"fasc-button fasc-size-medium fasc-type-popout fasc-rounded-medium fasc-ico-before dashicons-hammer fasc-style-bold\" style=\"background-color: #0e96f0; color: #ffffff;\" href=\"https:\/\/meca05.fr\/edu\/documentation\/formulaires-divers\/reglement\/\">R\u00e8glement<\/a><\/p>\n<p style=\"text-align: center;\"><a class=\"fasc-button fasc-size-medium fasc-type-popout fasc-rounded-medium fasc-ico-before dashicons-video-alt fasc-style-bold\" style=\"background-color: #0e96f0; color: #ffffff;\" href=\"https:\/\/meca05.fr\/edu\/documentation\/formulaires-divers\/droit-a-limage-pour-personnes-majeures\/\">Droit \u00e0 l'image (personnes majeures)<\/a><\/p>\n<p style=\"text-align: center;\"><a class=\"fasc-button fasc-size-medium fasc-type-popout fasc-rounded-medium fasc-ico-before dashicons-video-alt fasc-style-bold\" style=\"background-color: #0e96f0; color: #ffffff;\" href=\"https:\/\/meca05.fr\/edu\/documentation\/docs-et-forms\/droit-a-limage-pour-personnes-mineures\/\">Droit \u00e0 l'image (personnes mineures)<\/a><\/p>\n<p style=\"text-align: center;\"><a class=\"fasc-button fasc-size-medium fasc-type-popout fasc-rounded-medium fasc-ico-before dashicons-hammer fasc-style-bold\" style=\"background-color: #ff0000; color: #000000;\" href=\"https:\/\/meca05.fr\/edu\/documentation\/docs-et-forms\/reglement\/\">R\u00e8glement<\/a><\/p>\n<p style=\"text-align: center;\"><a class=\"fasc-button fasc-size-medium fasc-type-popout fasc-rounded-medium fasc-ico-before dashicons-admin-site fasc-style-bold\" style=\"background-color: #6ecb22; color: #000000;\" href=\"https:\/\/meca05.fr\/edu\/data_prof\/docs_divers\/files\/autorisation_sortie_scolaire.pdf\">Autorisation de sortie<\/a><\/p>\n<p style=\"text-align: center;\"><a class=\"fasc-button fasc-size-medium fasc-type-popout fasc-rounded-medium fasc-ico-before dashicons-admin-site fasc-style-bold\" style=\"background-color: #6ecb22; color: #000000;\" href=\"https:\/\/meca05.fr\/edu\/data_prof\/docs_divers\/files\/docs_voyage.pdf\">Documents pour voyage<\/a><\/p>\n<p style=\"text-align: center;\"><a class=\"fasc-button fasc-size-medium fasc-type-popout fasc-rounded-medium fasc-ico-before dashicons-redo fasc-style-bold\" style=\"background-color: #ffcf47; color: #000000;\" href=\"https:\/\/meca05.fr\/edu\/data_prof\/docs_divers\/files\/report_cours.pdf\">Report de cours (pdf)<\/a><\/p>\n<p style=\"text-align: center;\"><a class=\"fasc-button fasc-size-medium fasc-type-popout fasc-rounded-medium fasc-ico-before dashicons-redo fasc-style-bold\" style=\"background-color: #ffcf47; color: #000000;\" href=\"https:\/\/meca05.fr\/edu\/data_prof\/docs_divers\/files\/report_cours.odt\">Report de cours (odt)<\/a><\/p>\n<p style=\"text-align: center;\"><a class=\"fasc-button fasc-size-medium fasc-type-popout fasc-rounded-medium fasc-ico-before dashicons-cart fasc-style-bold\" style=\"background-color: #ff7b00; color: #000000;\" href=\"https:\/\/meca05.fr\/edu\/data_prof\/docs_divers\/files\/tombola.zip\">Tombola<\/a><\/p>\n<p style=\"text-align: center;\"><a class=\"fasc-button fasc-size-medium fasc-type-popout fasc-rounded-medium fasc-ico-before dashicons-businessman fasc-style-bold\" style=\"background-color: #ffcf47; color: #000000;\" href=\"https:\/\/meca05.fr\/edu\/data_prof\/docs_divers\/files\/scripts-pdf\/files\/fiches_suivi_simples.zip\">Fiches de suivi simples<\/a><\/p>\n<p style=\"text-align: center;\"><a class=\"fasc-button fasc-size-medium fasc-type-popout fasc-rounded-medium fasc-ico-before dashicons-businessman fasc-style-bold\" style=\"background-color: #ffcf47; color: #000000;\" href=\"https:\/\/meca05.fr\/edu\/data_prof\/docs_divers\/files\/scripts-pdf\/files\/suivis_plans_salle.zip\">Fiches de suivis avec plan de salle<\/a><\/p>\n<p style=\"text-align: center;\"><a class=\"fasc-button fasc-size-medium fasc-type-popout fasc-rounded-medium fasc-ico-before dashicons-businessman fasc-style-bold\" style=\"background-color: #ffcf47; color: #000000;\" href=\"https:\/\/meca05.fr\/edu\/open_scripts\/files\/fiches_suivi_simple_bac_mv.pdf\">Fiches de suivi simples bac MV<\/a><\/p>\n<p style=\"text-align: center;\">\n<p style=\"text-align: center;\">\n","protected":false},"excerpt":{"rendered":"<p>Documents : Documents divers &nbsp; Formulaires : Droit \u00e0 l'image (personnes majeures) Droit \u00e0 l'image (personnes mineures) R\u00e8glement Droit \u00e0 l'image (personnes majeures) Droit \u00e0 l'image (personnes mineures) R\u00e8glement Autorisation<\/p>\n","protected":false},"author":6,"featured_media":0,"parent":530,"menu_order":0,"comment_status":"closed","ping_status":"closed","template":"","meta":{"footnotes":""},"class_list":{"1":"page","2":"type-page","3":"status-publish","4":"hentry"},"yoast_head":"<!-- This site is optimized with the Yoast SEO plugin v27.1.1 - https:\/\/yoast.com\/product\/yoast-seo-wordpress\/ -->\n<title>Documents et formulaires - Construction M\u00e9canique<\/title>\n<meta name=\"robots\" content=\"index, follow, max-snippet:-1, max-image-preview:large, max-video-preview:-1\" \/>\n<link rel=\"canonical\" href=\"https:\/\/meca05.fr\/edu\/documentation\/docs-et-forms\/\" \/>\n<meta property=\"og:locale\" content=\"fr_FR\" \/>\n<meta property=\"og:type\" content=\"article\" \/>\n<meta property=\"og:title\" content=\"Documents et formulaires - Construction M\u00e9canique\" \/>\n<meta property=\"og:description\" content=\"Documents : Documents divers &nbsp; Formulaires : Droit \u00e0 l&#039;image (personnes majeures) Droit \u00e0 l&#039;image (personnes mineures) R\u00e8glement Droit \u00e0 l&#039;image (personnes majeures) Droit \u00e0 l&#039;image (personnes mineures) R\u00e8glement Autorisation\" \/>\n<meta property=\"og:url\" content=\"https:\/\/meca05.fr\/edu\/documentation\/docs-et-forms\/\" \/>\n<meta property=\"og:site_name\" content=\"Construction M\u00e9canique\" \/>\n<meta property=\"article:modified_time\" content=\"2022-12-26T19:36:07+00:00\" \/>\n<meta name=\"twitter:label1\" content=\"Dur\u00e9e de lecture estim\u00e9e\" \/>\n\t<meta name=\"twitter:data1\" content=\"1 minute\" \/>\n<script type=\"application\/ld+json\" class=\"yoast-schema-graph\">{\"@context\":\"https:\/\/schema.org\",\"@graph\":[{\"@type\":\"WebPage\",\"@id\":\"https:\/\/meca05.fr\/edu\/documentation\/docs-et-forms\/\",\"url\":\"https:\/\/meca05.fr\/edu\/documentation\/docs-et-forms\/\",\"name\":\"Documents et formulaires - Construction M\u00e9canique\",\"isPartOf\":{\"@id\":\"https:\/\/meca05.fr\/edu\/#website\"},\"datePublished\":\"2021-11-04T09:20:57+00:00\",\"dateModified\":\"2022-12-26T19:36:07+00:00\",\"breadcrumb\":{\"@id\":\"https:\/\/meca05.fr\/edu\/documentation\/docs-et-forms\/#breadcrumb\"},\"inLanguage\":\"fr-FR\",\"potentialAction\":[{\"@type\":\"ReadAction\",\"target\":[\"https:\/\/meca05.fr\/edu\/documentation\/docs-et-forms\/\"]}]},{\"@type\":\"BreadcrumbList\",\"@id\":\"https:\/\/meca05.fr\/edu\/documentation\/docs-et-forms\/#breadcrumb\",\"itemListElement\":[{\"@type\":\"ListItem\",\"position\":1,\"name\":\"documentation\",\"item\":\"https:\/\/meca05.fr\/edu\/documentation\/\"},{\"@type\":\"ListItem\",\"position\":2,\"name\":\"Documents et formulaires\"}]},{\"@type\":\"WebSite\",\"@id\":\"https:\/\/meca05.fr\/edu\/#website\",\"url\":\"https:\/\/meca05.fr\/edu\/\",\"name\":\"Construction M\u00e9canique\",\"description\":\"Cours, exercices, mod\u00e8les 3d et bien plus...\",\"potentialAction\":[{\"@type\":\"SearchAction\",\"target\":{\"@type\":\"EntryPoint\",\"urlTemplate\":\"https:\/\/meca05.fr\/edu\/?s={search_term_string}\"},\"query-input\":{\"@type\":\"PropertyValueSpecification\",\"valueRequired\":true,\"valueName\":\"search_term_string\"}}],\"inLanguage\":\"fr-FR\"}]}<\/script>\n<!-- \/ Yoast SEO plugin. -->","yoast_head_json":{"title":"Documents et formulaires - Construction M\u00e9canique","robots":{"index":"index","follow":"follow","max-snippet":"max-snippet:-1","max-image-preview":"max-image-preview:large","max-video-preview":"max-video-preview:-1"},"canonical":"https:\/\/meca05.fr\/edu\/documentation\/docs-et-forms\/","og_locale":"fr_FR","og_type":"article","og_title":"Documents et formulaires - Construction M\u00e9canique","og_description":"Documents : Documents divers &nbsp; Formulaires : Droit \u00e0 l'image (personnes majeures) Droit \u00e0 l'image (personnes mineures) R\u00e8glement Droit \u00e0 l'image (personnes majeures) Droit \u00e0 l'image (personnes mineures) R\u00e8glement Autorisation","og_url":"https:\/\/meca05.fr\/edu\/documentation\/docs-et-forms\/","og_site_name":"Construction M\u00e9canique","article_modified_time":"2022-12-26T19:36:07+00:00","twitter_misc":{"Dur\u00e9e de lecture estim\u00e9e":"1 minute"},"schema":{"@context":"https:\/\/schema.org","@graph":[{"@type":"WebPage","@id":"https:\/\/meca05.fr\/edu\/documentation\/docs-et-forms\/","url":"https:\/\/meca05.fr\/edu\/documentation\/docs-et-forms\/","name":"Documents et formulaires - Construction M\u00e9canique","isPartOf":{"@id":"https:\/\/meca05.fr\/edu\/#website"},"datePublished":"2021-11-04T09:20:57+00:00","dateModified":"2022-12-26T19:36:07+00:00","breadcrumb":{"@id":"https:\/\/meca05.fr\/edu\/documentation\/docs-et-forms\/#breadcrumb"},"inLanguage":"fr-FR","potentialAction":[{"@type":"ReadAction","target":["https:\/\/meca05.fr\/edu\/documentation\/docs-et-forms\/"]}]},{"@type":"BreadcrumbList","@id":"https:\/\/meca05.fr\/edu\/documentation\/docs-et-forms\/#breadcrumb","itemListElement":[{"@type":"ListItem","position":1,"name":"documentation","item":"https:\/\/meca05.fr\/edu\/documentation\/"},{"@type":"ListItem","position":2,"name":"Documents et formulaires"}]},{"@type":"WebSite","@id":"https:\/\/meca05.fr\/edu\/#website","url":"https:\/\/meca05.fr\/edu\/","name":"Construction M\u00e9canique","description":"Cours, exercices, mod\u00e8les 3d et bien plus...","potentialAction":[{"@type":"SearchAction","target":{"@type":"EntryPoint","urlTemplate":"https:\/\/meca05.fr\/edu\/?s={search_term_string}"},"query-input":{"@type":"PropertyValueSpecification","valueRequired":true,"valueName":"search_term_string"}}],"inLanguage":"fr-FR"}]}},"_links":{"self":[{"href":"https:\/\/meca05.fr\/edu\/wp-json\/wp\/v2\/pages\/2684","targetHints":{"allow":["GET"]}}],"collection":[{"href":"https:\/\/meca05.fr\/edu\/wp-json\/wp\/v2\/pages"}],"about":[{"href":"https:\/\/meca05.fr\/edu\/wp-json\/wp\/v2\/types\/page"}],"author":[{"embeddable":true,"href":"https:\/\/meca05.fr\/edu\/wp-json\/wp\/v2\/users\/6"}],"replies":[{"embeddable":true,"href":"https:\/\/meca05.fr\/edu\/wp-json\/wp\/v2\/comments?post=2684"}],"version-history":[{"count":15,"href":"https:\/\/meca05.fr\/edu\/wp-json\/wp\/v2\/pages\/2684\/revisions"}],"predecessor-version":[{"id":3195,"href":"https:\/\/meca05.fr\/edu\/wp-json\/wp\/v2\/pages\/2684\/revisions\/3195"}],"up":[{"embeddable":true,"href":"https:\/\/meca05.fr\/edu\/wp-json\/wp\/v2\/pages\/530"}],"wp:attachment":[{"href":"https:\/\/meca05.fr\/edu\/wp-json\/wp\/v2\/media?parent=2684"}],"curies":[{"name":"wp","href":"https:\/\/api.w.org\/{rel}","templated":true}]}}