{"id":2196,"date":"2021-03-16T19:04:50","date_gmt":"2021-03-16T18:04:50","guid":{"rendered":"http:\/\/meca05.fr\/edu\/?page_id=2196"},"modified":"2021-03-30T19:18:58","modified_gmt":"2021-03-30T18:18:58","slug":"2014-stele-paul-heraud","status":"publish","type":"page","link":"https:\/\/meca05.fr\/edu\/projets\/2014-stele-paul-heraud\/","title":{"rendered":"2014 : St\u00e8le Paul H\u00e9raud"},"content":{"rendered":"<h2>R\u00e9fection de la st\u00e8le du commandant Dumont (Paul H\u00e9raud) pour le 70\u00e8me anniversaire de la lib\u00e9ration de Gap<\/h2>\n<p>&nbsp;<\/p>\n<h3><strong>Diaporama :<\/strong><\/h3>\n<div style=\"width: 640px;\" class=\"wp-video\"><video class=\"wp-video-shortcode\" id=\"video-2196-1\" width=\"640\" height=\"360\" preload=\"metadata\" controls=\"controls\"><source type=\"video\/mp4\" src=\"https:\/\/meca05.fr\/edu\/public_vids\/files\/2014-diaporama-sd.mp4?_=1\" \/><a href=\"https:\/\/meca05.fr\/edu\/public_vids\/files\/2014-diaporama-sd.mp4\">https:\/\/meca05.fr\/edu\/public_vids\/files\/2014-diaporama-sd.mp4<\/a><\/video><\/div>\n<p>&nbsp;<\/p>\n<p>&nbsp;<\/p>\n<h3><strong>La presse en parle :<br \/>\n<\/strong><\/h3>\n<p><a href=\"https:\/\/meca05.fr\/edu\/wp-content\/uploads\/2021\/03\/stele.png\"><img fetchpriority=\"high\" decoding=\"async\" src=\"https:\/\/meca05.fr\/edu\/wp-content\/uploads\/2021\/03\/stele.png\" alt=\"\" class=\"alignnone size-full wp-image-2197\" width=\"909\" height=\"707\" srcset=\"https:\/\/meca05.fr\/edu\/wp-content\/uploads\/2021\/03\/stele.png 909w, https:\/\/meca05.fr\/edu\/wp-content\/uploads\/2021\/03\/stele-300x233.png 300w, https:\/\/meca05.fr\/edu\/wp-content\/uploads\/2021\/03\/stele-768x597.png 768w\" sizes=\"(max-width: 909px) 100vw, 909px\" \/><\/a><\/p>\n<p>&nbsp;<\/p>\n<p>&nbsp;<\/p>\n<p><a href=\"https:\/\/meca05.fr\/edu\/wp-content\/uploads\/2021\/03\/stele2.png\"><img decoding=\"async\" src=\"https:\/\/meca05.fr\/edu\/wp-content\/uploads\/2021\/03\/stele2.png\" alt=\"\" class=\"alignnone size-full wp-image-2198\" width=\"910\" height=\"709\" srcset=\"https:\/\/meca05.fr\/edu\/wp-content\/uploads\/2021\/03\/stele2.png 910w, https:\/\/meca05.fr\/edu\/wp-content\/uploads\/2021\/03\/stele2-300x234.png 300w, https:\/\/meca05.fr\/edu\/wp-content\/uploads\/2021\/03\/stele2-768x598.png 768w\" sizes=\"(max-width: 910px) 100vw, 910px\" \/><\/a><\/p>\n<p><a class=\"fasc-button fasc-size-medium fasc-type-popout fasc-rounded-medium fasc-ico-before dashicons-images-alt2 fasc-style-bold\" style=\"background-color: #007abe; color: #ffffff;\" href=\"https:\/\/meca05.fr\/edu\/projets\/\">Voir les autres courts m\u00e9trages &amp; projets r\u00e9alis\u00e9s avec la classe de 3\u00e8me<\/a><\/p>\n","protected":false},"excerpt":{"rendered":"<p>R\u00e9fection de la st\u00e8le du commandant Dumont (Paul H\u00e9raud) pour le 70\u00e8me anniversaire de la lib\u00e9ration de Gap &nbsp; Diaporama : https:\/\/meca05.fr\/edu\/public_vids\/files\/2014-diaporama-sd.mp4 &nbsp; &nbsp; La presse en parle : &nbsp;<\/p>\n","protected":false},"author":6,"featured_media":0,"parent":2131,"menu_order":0,"comment_status":"closed","ping_status":"closed","template":"","meta":{"footnotes":""},"class_list":{"1":"page","2":"type-page","3":"status-publish","4":"hentry"},"yoast_head":"<!-- This site is optimized with the Yoast SEO plugin v27.1.1 - https:\/\/yoast.com\/product\/yoast-seo-wordpress\/ -->\n<title>2014 : St\u00e8le Paul H\u00e9raud - Construction M\u00e9canique<\/title>\n<meta name=\"robots\" content=\"index, follow, max-snippet:-1, max-image-preview:large, max-video-preview:-1\" \/>\n<link rel=\"canonical\" href=\"https:\/\/meca05.fr\/edu\/projets\/2014-stele-paul-heraud\/\" \/>\n<meta property=\"og:locale\" content=\"fr_FR\" \/>\n<meta property=\"og:type\" content=\"article\" \/>\n<meta property=\"og:title\" content=\"2014 : St\u00e8le Paul H\u00e9raud - Construction M\u00e9canique\" \/>\n<meta property=\"og:description\" content=\"R\u00e9fection de la st\u00e8le du commandant Dumont (Paul H\u00e9raud) pour le 70\u00e8me anniversaire de la lib\u00e9ration de Gap &nbsp; Diaporama : https:\/\/meca05.fr\/edu\/public_vids\/files\/2014-diaporama-sd.mp4 &nbsp; &nbsp; La presse en parle : &nbsp;\" \/>\n<meta property=\"og:url\" content=\"https:\/\/meca05.fr\/edu\/projets\/2014-stele-paul-heraud\/\" \/>\n<meta property=\"og:site_name\" content=\"Construction M\u00e9canique\" \/>\n<meta property=\"article:modified_time\" content=\"2021-03-30T18:18:58+00:00\" \/>\n<meta property=\"og:image\" content=\"http:\/\/meca05.fr\/edu\/wp-content\/uploads\/2021\/03\/stele.png\" \/>\n<meta name=\"twitter:label1\" content=\"Dur\u00e9e de lecture estim\u00e9e\" \/>\n\t<meta name=\"twitter:data1\" content=\"1 minute\" \/>\n<script type=\"application\/ld+json\" class=\"yoast-schema-graph\">{\"@context\":\"https:\/\/schema.org\",\"@graph\":[{\"@type\":\"WebPage\",\"@id\":\"https:\/\/meca05.fr\/edu\/projets\/2014-stele-paul-heraud\/\",\"url\":\"https:\/\/meca05.fr\/edu\/projets\/2014-stele-paul-heraud\/\",\"name\":\"2014 : St\u00e8le Paul H\u00e9raud - Construction M\u00e9canique\",\"isPartOf\":{\"@id\":\"https:\/\/meca05.fr\/edu\/#website\"},\"primaryImageOfPage\":{\"@id\":\"https:\/\/meca05.fr\/edu\/projets\/2014-stele-paul-heraud\/#primaryimage\"},\"image\":{\"@id\":\"https:\/\/meca05.fr\/edu\/projets\/2014-stele-paul-heraud\/#primaryimage\"},\"thumbnailUrl\":\"http:\/\/meca05.fr\/edu\/wp-content\/uploads\/2021\/03\/stele.png\",\"datePublished\":\"2021-03-16T18:04:50+00:00\",\"dateModified\":\"2021-03-30T18:18:58+00:00\",\"breadcrumb\":{\"@id\":\"https:\/\/meca05.fr\/edu\/projets\/2014-stele-paul-heraud\/#breadcrumb\"},\"inLanguage\":\"fr-FR\",\"potentialAction\":[{\"@type\":\"ReadAction\",\"target\":[\"https:\/\/meca05.fr\/edu\/projets\/2014-stele-paul-heraud\/\"]}]},{\"@type\":\"ImageObject\",\"inLanguage\":\"fr-FR\",\"@id\":\"https:\/\/meca05.fr\/edu\/projets\/2014-stele-paul-heraud\/#primaryimage\",\"url\":\"http:\/\/meca05.fr\/edu\/wp-content\/uploads\/2021\/03\/stele.png\",\"contentUrl\":\"http:\/\/meca05.fr\/edu\/wp-content\/uploads\/2021\/03\/stele.png\"},{\"@type\":\"BreadcrumbList\",\"@id\":\"https:\/\/meca05.fr\/edu\/projets\/2014-stele-paul-heraud\/#breadcrumb\",\"itemListElement\":[{\"@type\":\"ListItem\",\"position\":1,\"name\":\"Projets\",\"item\":\"https:\/\/meca05.fr\/edu\/projets\/\"},{\"@type\":\"ListItem\",\"position\":2,\"name\":\"2014 : St\u00e8le Paul H\u00e9raud\"}]},{\"@type\":\"WebSite\",\"@id\":\"https:\/\/meca05.fr\/edu\/#website\",\"url\":\"https:\/\/meca05.fr\/edu\/\",\"name\":\"Construction M\u00e9canique\",\"description\":\"Cours, exercices, mod\u00e8les 3d et bien plus...\",\"potentialAction\":[{\"@type\":\"SearchAction\",\"target\":{\"@type\":\"EntryPoint\",\"urlTemplate\":\"https:\/\/meca05.fr\/edu\/?s={search_term_string}\"},\"query-input\":{\"@type\":\"PropertyValueSpecification\",\"valueRequired\":true,\"valueName\":\"search_term_string\"}}],\"inLanguage\":\"fr-FR\"}]}<\/script>\n<!-- \/ Yoast SEO plugin. -->","yoast_head_json":{"title":"2014 : St\u00e8le Paul H\u00e9raud - Construction M\u00e9canique","robots":{"index":"index","follow":"follow","max-snippet":"max-snippet:-1","max-image-preview":"max-image-preview:large","max-video-preview":"max-video-preview:-1"},"canonical":"https:\/\/meca05.fr\/edu\/projets\/2014-stele-paul-heraud\/","og_locale":"fr_FR","og_type":"article","og_title":"2014 : St\u00e8le Paul H\u00e9raud - Construction M\u00e9canique","og_description":"R\u00e9fection de la st\u00e8le du commandant Dumont (Paul H\u00e9raud) pour le 70\u00e8me anniversaire de la lib\u00e9ration de Gap &nbsp; Diaporama : https:\/\/meca05.fr\/edu\/public_vids\/files\/2014-diaporama-sd.mp4 &nbsp; &nbsp; La presse en parle : &nbsp;","og_url":"https:\/\/meca05.fr\/edu\/projets\/2014-stele-paul-heraud\/","og_site_name":"Construction M\u00e9canique","article_modified_time":"2021-03-30T18:18:58+00:00","og_image":[{"url":"http:\/\/meca05.fr\/edu\/wp-content\/uploads\/2021\/03\/stele.png","type":"","width":"","height":""}],"twitter_misc":{"Dur\u00e9e de lecture estim\u00e9e":"1 minute"},"schema":{"@context":"https:\/\/schema.org","@graph":[{"@type":"WebPage","@id":"https:\/\/meca05.fr\/edu\/projets\/2014-stele-paul-heraud\/","url":"https:\/\/meca05.fr\/edu\/projets\/2014-stele-paul-heraud\/","name":"2014 : St\u00e8le Paul H\u00e9raud - Construction M\u00e9canique","isPartOf":{"@id":"https:\/\/meca05.fr\/edu\/#website"},"primaryImageOfPage":{"@id":"https:\/\/meca05.fr\/edu\/projets\/2014-stele-paul-heraud\/#primaryimage"},"image":{"@id":"https:\/\/meca05.fr\/edu\/projets\/2014-stele-paul-heraud\/#primaryimage"},"thumbnailUrl":"http:\/\/meca05.fr\/edu\/wp-content\/uploads\/2021\/03\/stele.png","datePublished":"2021-03-16T18:04:50+00:00","dateModified":"2021-03-30T18:18:58+00:00","breadcrumb":{"@id":"https:\/\/meca05.fr\/edu\/projets\/2014-stele-paul-heraud\/#breadcrumb"},"inLanguage":"fr-FR","potentialAction":[{"@type":"ReadAction","target":["https:\/\/meca05.fr\/edu\/projets\/2014-stele-paul-heraud\/"]}]},{"@type":"ImageObject","inLanguage":"fr-FR","@id":"https:\/\/meca05.fr\/edu\/projets\/2014-stele-paul-heraud\/#primaryimage","url":"http:\/\/meca05.fr\/edu\/wp-content\/uploads\/2021\/03\/stele.png","contentUrl":"http:\/\/meca05.fr\/edu\/wp-content\/uploads\/2021\/03\/stele.png"},{"@type":"BreadcrumbList","@id":"https:\/\/meca05.fr\/edu\/projets\/2014-stele-paul-heraud\/#breadcrumb","itemListElement":[{"@type":"ListItem","position":1,"name":"Projets","item":"https:\/\/meca05.fr\/edu\/projets\/"},{"@type":"ListItem","position":2,"name":"2014 : St\u00e8le Paul H\u00e9raud"}]},{"@type":"WebSite","@id":"https:\/\/meca05.fr\/edu\/#website","url":"https:\/\/meca05.fr\/edu\/","name":"Construction M\u00e9canique","description":"Cours, exercices, mod\u00e8les 3d et bien plus...","potentialAction":[{"@type":"SearchAction","target":{"@type":"EntryPoint","urlTemplate":"https:\/\/meca05.fr\/edu\/?s={search_term_string}"},"query-input":{"@type":"PropertyValueSpecification","valueRequired":true,"valueName":"search_term_string"}}],"inLanguage":"fr-FR"}]}},"_links":{"self":[{"href":"https:\/\/meca05.fr\/edu\/wp-json\/wp\/v2\/pages\/2196","targetHints":{"allow":["GET"]}}],"collection":[{"href":"https:\/\/meca05.fr\/edu\/wp-json\/wp\/v2\/pages"}],"about":[{"href":"https:\/\/meca05.fr\/edu\/wp-json\/wp\/v2\/types\/page"}],"author":[{"embeddable":true,"href":"https:\/\/meca05.fr\/edu\/wp-json\/wp\/v2\/users\/6"}],"replies":[{"embeddable":true,"href":"https:\/\/meca05.fr\/edu\/wp-json\/wp\/v2\/comments?post=2196"}],"version-history":[{"count":8,"href":"https:\/\/meca05.fr\/edu\/wp-json\/wp\/v2\/pages\/2196\/revisions"}],"predecessor-version":[{"id":2236,"href":"https:\/\/meca05.fr\/edu\/wp-json\/wp\/v2\/pages\/2196\/revisions\/2236"}],"up":[{"embeddable":true,"href":"https:\/\/meca05.fr\/edu\/wp-json\/wp\/v2\/pages\/2131"}],"wp:attachment":[{"href":"https:\/\/meca05.fr\/edu\/wp-json\/wp\/v2\/media?parent=2196"}],"curies":[{"name":"wp","href":"https:\/\/api.w.org\/{rel}","templated":true}]}}