{"id":1950,"date":"2021-02-01T18:24:49","date_gmt":"2021-02-01T17:24:49","guid":{"rendered":"http:\/\/meca05.fr\/edu\/?page_id=1950"},"modified":"2021-03-30T19:22:05","modified_gmt":"2021-03-30T18:22:05","slug":"position-relative-des-surfaces","status":"publish","type":"page","link":"https:\/\/meca05.fr\/edu\/quizz\/2nde-bac-pro\/position-relative-des-surfaces\/","title":{"rendered":"Position relative des surfaces"},"content":{"rendered":"<p style=\"text-align: center;\"><a class=\"fasc-button fasc-size-medium fasc-type-popout fasc-rounded-medium fasc-style-bold\" style=\"background-color: #ff7b00; color: #000000;\" href=\"https:\/\/meca05.fr\/edu\/quizz\/2nde-bac-pro\/position-relative-des-surfaces\/prs_controle-1\/\">Contr\u00f4le 1<\/a><span> &nbsp; &nbsp; &nbsp; &nbsp; &nbsp; &nbsp; &nbsp; &nbsp; &nbsp; &nbsp; &nbsp; <a class=\"fasc-button fasc-size-medium fasc-type-popout fasc-rounded-medium fasc-style-bold\" style=\"background-color: #36a827; color: #000000;\" href=\"https:\/\/meca05.fr\/edu\/quizz\/2nde-bac-pro\/position-relative-des-surfaces\/prs_controle-2\/\">Contr\u00f4le 2<\/a><\/span><\/p>\n<p>&nbsp;<\/p>\n<p style=\"text-align: center;\"><a class=\"fasc-button fasc-size-medium fasc-type-popout fasc-rounded-medium fasc-style-bold\" style=\"background-color: #ff7b00; color: #000000;\" href=\"https:\/\/meca05.fr\/edu\/data_prof\/bac_2nde\/files\/05-controle1.pdf\">Fichiers Contr\u00f4le 1<\/a><span> &nbsp; &nbsp; &nbsp; &nbsp; &nbsp; <a class=\"fasc-button fasc-size-medium fasc-type-popout fasc-rounded-medium fasc-style-bold\" style=\"background-color: #36a827; color: #000000;\" href=\"https:\/\/meca05.fr\/edu\/data_prof\/bac_2nde\/files\/05-controle2.pdf\">Fichiers Contr\u00f4le 2<\/a><\/span><\/p>\n<p>&nbsp;<\/p>\n<p>&nbsp;<\/p>\n<p style=\"text-align: center;\">\n","protected":false},"excerpt":{"rendered":"<p>Contr\u00f4le 1 &nbsp; &nbsp; &nbsp; &nbsp; &nbsp; &nbsp; &nbsp; &nbsp; &nbsp; &nbsp; &nbsp; Contr\u00f4le 2 &nbsp; Fichiers Contr\u00f4le 1 &nbsp; &nbsp; &nbsp; &nbsp; &nbsp; Fichiers Contr\u00f4le 2 &nbsp; &nbsp;<\/p>\n","protected":false},"author":6,"featured_media":0,"parent":337,"menu_order":7,"comment_status":"closed","ping_status":"closed","template":"","meta":{"footnotes":""},"class_list":{"1":"page","2":"type-page","3":"status-publish","4":"hentry"},"yoast_head":"<!-- This site is optimized with the Yoast SEO plugin v27.1.1 - https:\/\/yoast.com\/product\/yoast-seo-wordpress\/ -->\n<title>Position relative des surfaces - Construction M\u00e9canique<\/title>\n<meta name=\"robots\" content=\"index, follow, max-snippet:-1, max-image-preview:large, max-video-preview:-1\" \/>\n<link rel=\"canonical\" href=\"https:\/\/meca05.fr\/edu\/quizz\/2nde-bac-pro\/position-relative-des-surfaces\/\" \/>\n<meta property=\"og:locale\" content=\"fr_FR\" \/>\n<meta property=\"og:type\" content=\"article\" \/>\n<meta property=\"og:title\" content=\"Position relative des surfaces - Construction M\u00e9canique\" \/>\n<meta property=\"og:description\" content=\"Contr\u00f4le 1 &nbsp; &nbsp; &nbsp; &nbsp; &nbsp; &nbsp; &nbsp; &nbsp; &nbsp; &nbsp; &nbsp; Contr\u00f4le 2 &nbsp; Fichiers Contr\u00f4le 1 &nbsp; &nbsp; &nbsp; &nbsp; &nbsp; Fichiers Contr\u00f4le 2 &nbsp; &nbsp;\" \/>\n<meta property=\"og:url\" content=\"https:\/\/meca05.fr\/edu\/quizz\/2nde-bac-pro\/position-relative-des-surfaces\/\" \/>\n<meta property=\"og:site_name\" content=\"Construction M\u00e9canique\" \/>\n<meta property=\"article:modified_time\" content=\"2021-03-30T18:22:05+00:00\" \/>\n<meta name=\"twitter:label1\" content=\"Dur\u00e9e de lecture estim\u00e9e\" \/>\n\t<meta name=\"twitter:data1\" content=\"1 minute\" \/>\n<script type=\"application\/ld+json\" class=\"yoast-schema-graph\">{\"@context\":\"https:\/\/schema.org\",\"@graph\":[{\"@type\":\"WebPage\",\"@id\":\"https:\/\/meca05.fr\/edu\/quizz\/2nde-bac-pro\/position-relative-des-surfaces\/\",\"url\":\"https:\/\/meca05.fr\/edu\/quizz\/2nde-bac-pro\/position-relative-des-surfaces\/\",\"name\":\"Position relative des surfaces - Construction M\u00e9canique\",\"isPartOf\":{\"@id\":\"https:\/\/meca05.fr\/edu\/#website\"},\"datePublished\":\"2021-02-01T17:24:49+00:00\",\"dateModified\":\"2021-03-30T18:22:05+00:00\",\"breadcrumb\":{\"@id\":\"https:\/\/meca05.fr\/edu\/quizz\/2nde-bac-pro\/position-relative-des-surfaces\/#breadcrumb\"},\"inLanguage\":\"fr-FR\",\"potentialAction\":[{\"@type\":\"ReadAction\",\"target\":[\"https:\/\/meca05.fr\/edu\/quizz\/2nde-bac-pro\/position-relative-des-surfaces\/\"]}]},{\"@type\":\"BreadcrumbList\",\"@id\":\"https:\/\/meca05.fr\/edu\/quizz\/2nde-bac-pro\/position-relative-des-surfaces\/#breadcrumb\",\"itemListElement\":[{\"@type\":\"ListItem\",\"position\":1,\"name\":\"quiz\",\"item\":\"https:\/\/meca05.fr\/edu\/quizz\/\"},{\"@type\":\"ListItem\",\"position\":2,\"name\":\"2nde Bac Pro\",\"item\":\"https:\/\/meca05.fr\/edu\/quizz\/2nde-bac-pro\/\"},{\"@type\":\"ListItem\",\"position\":3,\"name\":\"Position relative des surfaces\"}]},{\"@type\":\"WebSite\",\"@id\":\"https:\/\/meca05.fr\/edu\/#website\",\"url\":\"https:\/\/meca05.fr\/edu\/\",\"name\":\"Construction M\u00e9canique\",\"description\":\"Cours, exercices, mod\u00e8les 3d et bien plus...\",\"potentialAction\":[{\"@type\":\"SearchAction\",\"target\":{\"@type\":\"EntryPoint\",\"urlTemplate\":\"https:\/\/meca05.fr\/edu\/?s={search_term_string}\"},\"query-input\":{\"@type\":\"PropertyValueSpecification\",\"valueRequired\":true,\"valueName\":\"search_term_string\"}}],\"inLanguage\":\"fr-FR\"}]}<\/script>\n<!-- \/ Yoast SEO plugin. -->","yoast_head_json":{"title":"Position relative des surfaces - Construction M\u00e9canique","robots":{"index":"index","follow":"follow","max-snippet":"max-snippet:-1","max-image-preview":"max-image-preview:large","max-video-preview":"max-video-preview:-1"},"canonical":"https:\/\/meca05.fr\/edu\/quizz\/2nde-bac-pro\/position-relative-des-surfaces\/","og_locale":"fr_FR","og_type":"article","og_title":"Position relative des surfaces - Construction M\u00e9canique","og_description":"Contr\u00f4le 1 &nbsp; &nbsp; &nbsp; &nbsp; &nbsp; &nbsp; &nbsp; &nbsp; &nbsp; &nbsp; &nbsp; Contr\u00f4le 2 &nbsp; Fichiers Contr\u00f4le 1 &nbsp; &nbsp; &nbsp; &nbsp; &nbsp; Fichiers Contr\u00f4le 2 &nbsp; &nbsp;","og_url":"https:\/\/meca05.fr\/edu\/quizz\/2nde-bac-pro\/position-relative-des-surfaces\/","og_site_name":"Construction M\u00e9canique","article_modified_time":"2021-03-30T18:22:05+00:00","twitter_misc":{"Dur\u00e9e de lecture estim\u00e9e":"1 minute"},"schema":{"@context":"https:\/\/schema.org","@graph":[{"@type":"WebPage","@id":"https:\/\/meca05.fr\/edu\/quizz\/2nde-bac-pro\/position-relative-des-surfaces\/","url":"https:\/\/meca05.fr\/edu\/quizz\/2nde-bac-pro\/position-relative-des-surfaces\/","name":"Position relative des surfaces - Construction M\u00e9canique","isPartOf":{"@id":"https:\/\/meca05.fr\/edu\/#website"},"datePublished":"2021-02-01T17:24:49+00:00","dateModified":"2021-03-30T18:22:05+00:00","breadcrumb":{"@id":"https:\/\/meca05.fr\/edu\/quizz\/2nde-bac-pro\/position-relative-des-surfaces\/#breadcrumb"},"inLanguage":"fr-FR","potentialAction":[{"@type":"ReadAction","target":["https:\/\/meca05.fr\/edu\/quizz\/2nde-bac-pro\/position-relative-des-surfaces\/"]}]},{"@type":"BreadcrumbList","@id":"https:\/\/meca05.fr\/edu\/quizz\/2nde-bac-pro\/position-relative-des-surfaces\/#breadcrumb","itemListElement":[{"@type":"ListItem","position":1,"name":"quiz","item":"https:\/\/meca05.fr\/edu\/quizz\/"},{"@type":"ListItem","position":2,"name":"2nde Bac Pro","item":"https:\/\/meca05.fr\/edu\/quizz\/2nde-bac-pro\/"},{"@type":"ListItem","position":3,"name":"Position relative des surfaces"}]},{"@type":"WebSite","@id":"https:\/\/meca05.fr\/edu\/#website","url":"https:\/\/meca05.fr\/edu\/","name":"Construction M\u00e9canique","description":"Cours, exercices, mod\u00e8les 3d et bien plus...","potentialAction":[{"@type":"SearchAction","target":{"@type":"EntryPoint","urlTemplate":"https:\/\/meca05.fr\/edu\/?s={search_term_string}"},"query-input":{"@type":"PropertyValueSpecification","valueRequired":true,"valueName":"search_term_string"}}],"inLanguage":"fr-FR"}]}},"_links":{"self":[{"href":"https:\/\/meca05.fr\/edu\/wp-json\/wp\/v2\/pages\/1950","targetHints":{"allow":["GET"]}}],"collection":[{"href":"https:\/\/meca05.fr\/edu\/wp-json\/wp\/v2\/pages"}],"about":[{"href":"https:\/\/meca05.fr\/edu\/wp-json\/wp\/v2\/types\/page"}],"author":[{"embeddable":true,"href":"https:\/\/meca05.fr\/edu\/wp-json\/wp\/v2\/users\/6"}],"replies":[{"embeddable":true,"href":"https:\/\/meca05.fr\/edu\/wp-json\/wp\/v2\/comments?post=1950"}],"version-history":[{"count":8,"href":"https:\/\/meca05.fr\/edu\/wp-json\/wp\/v2\/pages\/1950\/revisions"}],"predecessor-version":[{"id":2049,"href":"https:\/\/meca05.fr\/edu\/wp-json\/wp\/v2\/pages\/1950\/revisions\/2049"}],"up":[{"embeddable":true,"href":"https:\/\/meca05.fr\/edu\/wp-json\/wp\/v2\/pages\/337"}],"wp:attachment":[{"href":"https:\/\/meca05.fr\/edu\/wp-json\/wp\/v2\/media?parent=1950"}],"curies":[{"name":"wp","href":"https:\/\/api.w.org\/{rel}","templated":true}]}}