{"id":1604,"date":"2021-01-11T11:55:55","date_gmt":"2021-01-11T10:55:55","guid":{"rendered":"http:\/\/meca05.fr\/edu\/?page_id=1604"},"modified":"2022-03-29T09:49:49","modified_gmt":"2022-03-29T08:49:49","slug":"tableaux-des-ecarts","status":"publish","type":"page","link":"https:\/\/meca05.fr\/edu\/documentation\/tableaux-des-ecarts\/","title":{"rendered":"Tableaux des \u00e9carts"},"content":{"rendered":"<p style=\"text-align: center;\"><a class=\"fasc-button fasc-size-medium fasc-type-flat fasc-style-bold\" target=\"_blank\" style=\"background-color: #36a827; color: #000000;\" href=\"https:\/\/meca05.fr\/edu\/documentation\/tableaux-des-ecarts\/tableau-des-ecart-alesage\/\" rel=\"noopener\">Al\u00e9sage<\/a><\/p>\n<p>&nbsp;<\/p>\n<p style=\"text-align: center;\"><a class=\"fasc-button fasc-size-medium fasc-type-flat fasc-style-bold\" target=\"_blank\" style=\"background-color: #36a827; color: #000000;\" href=\"https:\/\/meca05.fr\/edu\/documentation\/tableaux-des-ecarts\/tableau-des-ecart-arbre\/\" rel=\"noopener\">arbre<\/a><\/p>\n","protected":false},"excerpt":{"rendered":"<p>Al\u00e9sage &nbsp; arbre<\/p>\n","protected":false},"author":6,"featured_media":0,"parent":530,"menu_order":0,"comment_status":"closed","ping_status":"closed","template":"","meta":{"footnotes":""},"class_list":{"1":"page","2":"type-page","3":"status-publish","4":"hentry"},"yoast_head":"<!-- This site is optimized with the Yoast SEO plugin v27.1.1 - https:\/\/yoast.com\/product\/yoast-seo-wordpress\/ -->\n<title>Tableaux des \u00e9carts - Construction M\u00e9canique<\/title>\n<meta name=\"robots\" content=\"index, follow, max-snippet:-1, max-image-preview:large, max-video-preview:-1\" \/>\n<link rel=\"canonical\" href=\"https:\/\/meca05.fr\/edu\/documentation\/tableaux-des-ecarts\/\" \/>\n<meta property=\"og:locale\" content=\"fr_FR\" \/>\n<meta property=\"og:type\" content=\"article\" \/>\n<meta property=\"og:title\" content=\"Tableaux des \u00e9carts - Construction M\u00e9canique\" \/>\n<meta property=\"og:description\" content=\"Al\u00e9sage &nbsp; arbre\" \/>\n<meta property=\"og:url\" content=\"https:\/\/meca05.fr\/edu\/documentation\/tableaux-des-ecarts\/\" \/>\n<meta property=\"og:site_name\" content=\"Construction M\u00e9canique\" \/>\n<meta property=\"article:modified_time\" content=\"2022-03-29T08:49:49+00:00\" \/>\n<script type=\"application\/ld+json\" class=\"yoast-schema-graph\">{\"@context\":\"https:\/\/schema.org\",\"@graph\":[{\"@type\":\"WebPage\",\"@id\":\"https:\/\/meca05.fr\/edu\/documentation\/tableaux-des-ecarts\/\",\"url\":\"https:\/\/meca05.fr\/edu\/documentation\/tableaux-des-ecarts\/\",\"name\":\"Tableaux des \u00e9carts - Construction M\u00e9canique\",\"isPartOf\":{\"@id\":\"https:\/\/meca05.fr\/edu\/#website\"},\"datePublished\":\"2021-01-11T10:55:55+00:00\",\"dateModified\":\"2022-03-29T08:49:49+00:00\",\"breadcrumb\":{\"@id\":\"https:\/\/meca05.fr\/edu\/documentation\/tableaux-des-ecarts\/#breadcrumb\"},\"inLanguage\":\"fr-FR\",\"potentialAction\":[{\"@type\":\"ReadAction\",\"target\":[\"https:\/\/meca05.fr\/edu\/documentation\/tableaux-des-ecarts\/\"]}]},{\"@type\":\"BreadcrumbList\",\"@id\":\"https:\/\/meca05.fr\/edu\/documentation\/tableaux-des-ecarts\/#breadcrumb\",\"itemListElement\":[{\"@type\":\"ListItem\",\"position\":1,\"name\":\"documentation\",\"item\":\"https:\/\/meca05.fr\/edu\/documentation\/\"},{\"@type\":\"ListItem\",\"position\":2,\"name\":\"Tableaux des \u00e9carts\"}]},{\"@type\":\"WebSite\",\"@id\":\"https:\/\/meca05.fr\/edu\/#website\",\"url\":\"https:\/\/meca05.fr\/edu\/\",\"name\":\"Construction M\u00e9canique\",\"description\":\"Cours, exercices, mod\u00e8les 3d et bien plus...\",\"potentialAction\":[{\"@type\":\"SearchAction\",\"target\":{\"@type\":\"EntryPoint\",\"urlTemplate\":\"https:\/\/meca05.fr\/edu\/?s={search_term_string}\"},\"query-input\":{\"@type\":\"PropertyValueSpecification\",\"valueRequired\":true,\"valueName\":\"search_term_string\"}}],\"inLanguage\":\"fr-FR\"}]}<\/script>\n<!-- \/ Yoast SEO plugin. -->","yoast_head_json":{"title":"Tableaux des \u00e9carts - Construction M\u00e9canique","robots":{"index":"index","follow":"follow","max-snippet":"max-snippet:-1","max-image-preview":"max-image-preview:large","max-video-preview":"max-video-preview:-1"},"canonical":"https:\/\/meca05.fr\/edu\/documentation\/tableaux-des-ecarts\/","og_locale":"fr_FR","og_type":"article","og_title":"Tableaux des \u00e9carts - Construction M\u00e9canique","og_description":"Al\u00e9sage &nbsp; arbre","og_url":"https:\/\/meca05.fr\/edu\/documentation\/tableaux-des-ecarts\/","og_site_name":"Construction M\u00e9canique","article_modified_time":"2022-03-29T08:49:49+00:00","schema":{"@context":"https:\/\/schema.org","@graph":[{"@type":"WebPage","@id":"https:\/\/meca05.fr\/edu\/documentation\/tableaux-des-ecarts\/","url":"https:\/\/meca05.fr\/edu\/documentation\/tableaux-des-ecarts\/","name":"Tableaux des \u00e9carts - Construction M\u00e9canique","isPartOf":{"@id":"https:\/\/meca05.fr\/edu\/#website"},"datePublished":"2021-01-11T10:55:55+00:00","dateModified":"2022-03-29T08:49:49+00:00","breadcrumb":{"@id":"https:\/\/meca05.fr\/edu\/documentation\/tableaux-des-ecarts\/#breadcrumb"},"inLanguage":"fr-FR","potentialAction":[{"@type":"ReadAction","target":["https:\/\/meca05.fr\/edu\/documentation\/tableaux-des-ecarts\/"]}]},{"@type":"BreadcrumbList","@id":"https:\/\/meca05.fr\/edu\/documentation\/tableaux-des-ecarts\/#breadcrumb","itemListElement":[{"@type":"ListItem","position":1,"name":"documentation","item":"https:\/\/meca05.fr\/edu\/documentation\/"},{"@type":"ListItem","position":2,"name":"Tableaux des \u00e9carts"}]},{"@type":"WebSite","@id":"https:\/\/meca05.fr\/edu\/#website","url":"https:\/\/meca05.fr\/edu\/","name":"Construction M\u00e9canique","description":"Cours, exercices, mod\u00e8les 3d et bien plus...","potentialAction":[{"@type":"SearchAction","target":{"@type":"EntryPoint","urlTemplate":"https:\/\/meca05.fr\/edu\/?s={search_term_string}"},"query-input":{"@type":"PropertyValueSpecification","valueRequired":true,"valueName":"search_term_string"}}],"inLanguage":"fr-FR"}]}},"_links":{"self":[{"href":"https:\/\/meca05.fr\/edu\/wp-json\/wp\/v2\/pages\/1604","targetHints":{"allow":["GET"]}}],"collection":[{"href":"https:\/\/meca05.fr\/edu\/wp-json\/wp\/v2\/pages"}],"about":[{"href":"https:\/\/meca05.fr\/edu\/wp-json\/wp\/v2\/types\/page"}],"author":[{"embeddable":true,"href":"https:\/\/meca05.fr\/edu\/wp-json\/wp\/v2\/users\/6"}],"replies":[{"embeddable":true,"href":"https:\/\/meca05.fr\/edu\/wp-json\/wp\/v2\/comments?post=1604"}],"version-history":[{"count":4,"href":"https:\/\/meca05.fr\/edu\/wp-json\/wp\/v2\/pages\/1604\/revisions"}],"predecessor-version":[{"id":3033,"href":"https:\/\/meca05.fr\/edu\/wp-json\/wp\/v2\/pages\/1604\/revisions\/3033"}],"up":[{"embeddable":true,"href":"https:\/\/meca05.fr\/edu\/wp-json\/wp\/v2\/pages\/530"}],"wp:attachment":[{"href":"https:\/\/meca05.fr\/edu\/wp-json\/wp\/v2\/media?parent=1604"}],"curies":[{"name":"wp","href":"https:\/\/api.w.org\/{rel}","templated":true}]}}