{"id":1056,"date":"2020-12-01T22:51:36","date_gmt":"2020-12-01T21:51:36","guid":{"rendered":"http:\/\/maaon.free.fr\/site\/?page_id=1056"},"modified":"2026-02-19T18:14:21","modified_gmt":"2026-02-19T17:14:21","slug":"logiciels-utiles","status":"publish","type":"page","link":"https:\/\/meca05.fr\/edu\/logiciels-utiles\/","title":{"rendered":"Logiciels"},"content":{"rendered":"<h3 style=\"text-align: center;\">Principaux logiciels utilis\u00e9s.<\/h3>\n<p style=\"text-align: center;\"><em>Certains sont gratuits, d'autres payants<\/em><\/p>\n<h4>Pdf :<\/h4>\n<ul>\n<li><a href=\"https:\/\/www.tracker-software.com\/product\/pdf-xchange-editor\">PDF-XChange Editor<\/a><\/li>\n<li><a href=\"https:\/\/get2.adobe.com\/fr\/reader\/\">Adobe Acrobat Reader DC<\/a><\/li>\n<li><a href=\"https:\/\/play.google.com\/store\/apps\/details?id=com.techsoft3d.hps.pdf.reader\">3D pdf Reader (android)<\/a><\/li>\n<\/ul>\n<h4>Vid\u00e9o :<\/h4>\n<ul>\n<li><a href=\"https:\/\/www.videolan.org\/vlc\/index.fr.html\">Vlc<\/a><\/li>\n<li><a href=\"https:\/\/filmora.wondershare.fr\/\">Wondershare Filmora<\/a><\/li>\n<\/ul>\n<h4>Bureautique :<\/h4>\n<ul>\n<li><a href=\"https:\/\/fr.libreoffice.org\/\">Libre office<\/a><\/li>\n<\/ul>\n<h4>D\u00e9veloppement web:<\/h4>\n<ul>\n<li><a href=\"https:\/\/wordpress.org\/download\/\">WordPress<\/a><\/li>\n<li><a href=\"https:\/\/notepad-plus-plus.org\/\">notepad++<\/a><\/li>\n<li><a href=\"https:\/\/fr.wordpress.org\/plugins\/wp-file-manager\/\">File Manager<\/a><\/li>\n<li><a href=\"https:\/\/fr.wordpress.org\/plugins\/quiz-maker\/\">Quiz Maker<\/a><\/li>\n<li><a href=\"https:\/\/filezilla-project.org\/\">Filezilla<\/a><\/li>\n<li><a href=\"https:\/\/wordpress.org\/plugins\/simple-basic-contact-form\/\">Simple Basic Contact Form<\/a><\/li>\n<li><a href=\"https:\/\/cff.dwbooster.com\/\">Calculated Fields Form<\/a><\/li>\n<\/ul>\n<h4>CAO :<\/h4>\n<ul>\n<li><a href=\"https:\/\/www.solidworks.com\/fr\">Solidworks<\/a><\/li>\n<li><a href=\"https:\/\/wordpress.org\/plugins\/vrm360\/\">VRM 360<\/a><\/li>\n<\/ul>\n<h4>Utilitaires :<\/h4>\n<ul>\n<li><a href=\"https:\/\/www.7-zip.org\/\">7-zip<\/a><\/li>\n<\/ul>\n<h4>Perso :<\/h4>\n<ul>\n<li><a href=\"https:\/\/meca05.fr\/edu\/data_prof\/docs_divers\/files\/logiciel_quittances.zip\">Quittances<\/a><\/li>\n<\/ul>\n<p>&nbsp;<\/p>\n<p>&nbsp;<\/p>\n<p>&nbsp;<\/p>\n<p>&nbsp;<\/p>\n<h1 id=\"productTitle\"><\/h1>\n","protected":false},"excerpt":{"rendered":"<p>Principaux logiciels utilis\u00e9s. Certains sont gratuits, d'autres payants Pdf : PDF-XChange Editor Adobe Acrobat Reader DC 3D pdf Reader (android) Vid\u00e9o : Vlc Wondershare Filmora Bureautique : Libre office D\u00e9veloppement<\/p>\n","protected":false},"author":6,"featured_media":0,"parent":0,"menu_order":0,"comment_status":"closed","ping_status":"closed","template":"","meta":{"footnotes":""},"class_list":{"1":"page","2":"type-page","3":"status-publish","4":"hentry"},"yoast_head":"<!-- This site is optimized with the Yoast SEO plugin v27.1.1 - https:\/\/yoast.com\/product\/yoast-seo-wordpress\/ -->\n<title>Logiciels - Construction M\u00e9canique<\/title>\n<meta name=\"robots\" content=\"index, follow, max-snippet:-1, max-image-preview:large, max-video-preview:-1\" \/>\n<link rel=\"canonical\" href=\"https:\/\/meca05.fr\/edu\/logiciels-utiles\/\" \/>\n<meta property=\"og:locale\" content=\"fr_FR\" \/>\n<meta property=\"og:type\" content=\"article\" \/>\n<meta property=\"og:title\" content=\"Logiciels - Construction M\u00e9canique\" \/>\n<meta property=\"og:description\" content=\"Principaux logiciels utilis\u00e9s. Certains sont gratuits, d&#039;autres payants Pdf : PDF-XChange Editor Adobe Acrobat Reader DC 3D pdf Reader (android) Vid\u00e9o : Vlc Wondershare Filmora Bureautique : Libre office D\u00e9veloppement\" \/>\n<meta property=\"og:url\" content=\"https:\/\/meca05.fr\/edu\/logiciels-utiles\/\" \/>\n<meta property=\"og:site_name\" content=\"Construction M\u00e9canique\" \/>\n<meta property=\"article:modified_time\" content=\"2026-02-19T17:14:21+00:00\" \/>\n<meta name=\"twitter:label1\" content=\"Dur\u00e9e de lecture estim\u00e9e\" \/>\n\t<meta name=\"twitter:data1\" content=\"1 minute\" \/>\n<script type=\"application\/ld+json\" class=\"yoast-schema-graph\">{\"@context\":\"https:\/\/schema.org\",\"@graph\":[{\"@type\":\"WebPage\",\"@id\":\"https:\/\/meca05.fr\/edu\/logiciels-utiles\/\",\"url\":\"https:\/\/meca05.fr\/edu\/logiciels-utiles\/\",\"name\":\"Logiciels - Construction M\u00e9canique\",\"isPartOf\":{\"@id\":\"https:\/\/meca05.fr\/edu\/#website\"},\"datePublished\":\"2020-12-01T21:51:36+00:00\",\"dateModified\":\"2026-02-19T17:14:21+00:00\",\"inLanguage\":\"fr-FR\",\"potentialAction\":[{\"@type\":\"ReadAction\",\"target\":[\"https:\/\/meca05.fr\/edu\/logiciels-utiles\/\"]}]},{\"@type\":\"WebSite\",\"@id\":\"https:\/\/meca05.fr\/edu\/#website\",\"url\":\"https:\/\/meca05.fr\/edu\/\",\"name\":\"Construction M\u00e9canique\",\"description\":\"Cours, exercices, mod\u00e8les 3d et bien plus...\",\"potentialAction\":[{\"@type\":\"SearchAction\",\"target\":{\"@type\":\"EntryPoint\",\"urlTemplate\":\"https:\/\/meca05.fr\/edu\/?s={search_term_string}\"},\"query-input\":{\"@type\":\"PropertyValueSpecification\",\"valueRequired\":true,\"valueName\":\"search_term_string\"}}],\"inLanguage\":\"fr-FR\"}]}<\/script>\n<!-- \/ Yoast SEO plugin. -->","yoast_head_json":{"title":"Logiciels - Construction M\u00e9canique","robots":{"index":"index","follow":"follow","max-snippet":"max-snippet:-1","max-image-preview":"max-image-preview:large","max-video-preview":"max-video-preview:-1"},"canonical":"https:\/\/meca05.fr\/edu\/logiciels-utiles\/","og_locale":"fr_FR","og_type":"article","og_title":"Logiciels - Construction M\u00e9canique","og_description":"Principaux logiciels utilis\u00e9s. Certains sont gratuits, d'autres payants Pdf : PDF-XChange Editor Adobe Acrobat Reader DC 3D pdf Reader (android) Vid\u00e9o : Vlc Wondershare Filmora Bureautique : Libre office D\u00e9veloppement","og_url":"https:\/\/meca05.fr\/edu\/logiciels-utiles\/","og_site_name":"Construction M\u00e9canique","article_modified_time":"2026-02-19T17:14:21+00:00","twitter_misc":{"Dur\u00e9e de lecture estim\u00e9e":"1 minute"},"schema":{"@context":"https:\/\/schema.org","@graph":[{"@type":"WebPage","@id":"https:\/\/meca05.fr\/edu\/logiciels-utiles\/","url":"https:\/\/meca05.fr\/edu\/logiciels-utiles\/","name":"Logiciels - Construction M\u00e9canique","isPartOf":{"@id":"https:\/\/meca05.fr\/edu\/#website"},"datePublished":"2020-12-01T21:51:36+00:00","dateModified":"2026-02-19T17:14:21+00:00","inLanguage":"fr-FR","potentialAction":[{"@type":"ReadAction","target":["https:\/\/meca05.fr\/edu\/logiciels-utiles\/"]}]},{"@type":"WebSite","@id":"https:\/\/meca05.fr\/edu\/#website","url":"https:\/\/meca05.fr\/edu\/","name":"Construction M\u00e9canique","description":"Cours, exercices, mod\u00e8les 3d et bien plus...","potentialAction":[{"@type":"SearchAction","target":{"@type":"EntryPoint","urlTemplate":"https:\/\/meca05.fr\/edu\/?s={search_term_string}"},"query-input":{"@type":"PropertyValueSpecification","valueRequired":true,"valueName":"search_term_string"}}],"inLanguage":"fr-FR"}]}},"_links":{"self":[{"href":"https:\/\/meca05.fr\/edu\/wp-json\/wp\/v2\/pages\/1056","targetHints":{"allow":["GET"]}}],"collection":[{"href":"https:\/\/meca05.fr\/edu\/wp-json\/wp\/v2\/pages"}],"about":[{"href":"https:\/\/meca05.fr\/edu\/wp-json\/wp\/v2\/types\/page"}],"author":[{"embeddable":true,"href":"https:\/\/meca05.fr\/edu\/wp-json\/wp\/v2\/users\/6"}],"replies":[{"embeddable":true,"href":"https:\/\/meca05.fr\/edu\/wp-json\/wp\/v2\/comments?post=1056"}],"version-history":[{"count":3,"href":"https:\/\/meca05.fr\/edu\/wp-json\/wp\/v2\/pages\/1056\/revisions"}],"predecessor-version":[{"id":4286,"href":"https:\/\/meca05.fr\/edu\/wp-json\/wp\/v2\/pages\/1056\/revisions\/4286"}],"wp:attachment":[{"href":"https:\/\/meca05.fr\/edu\/wp-json\/wp\/v2\/media?parent=1056"}],"curies":[{"name":"wp","href":"https:\/\/api.w.org\/{rel}","templated":true}]}}